ne r(2).
-9
Let h(w) = w**2 - 4*w - 6. Let u(s) = 2*s - 7. Let r be u(6). Let i be h(r). Let o(p) be the first derivative of 2*p**3/3 - p**2/2 - 1. Determine o(i).
3
Let c(w) be the third derivative of w**6/120 - w**5/20 - w**4/12 + w**3/6 + w**2. Suppose -3*l = -32 - 16. Suppose -b - 3*b + l = 0. Determine c(b).
9
Let l(j) = j**2 + 4*j - 3. Let p be ((-60)/(-9))/(2/6). Suppose -p = -m + 5*m. Determine l(m).
2
Let u(s) = -2*s. Let y(r) be the second derivative of r**3/3 - 9*r**2/2 + 3*r. Let b be y(9). Suppose 2*i + 0*t - 3 = -3*t, 2*i - b = 3*t. Calculate u(i).
-6
Let j(d) = -d. Suppose 0 = 2*p - 21 + 11. Suppose 3*i = p*i + 4. Determine j(i).
2
Suppose 0 = -3*h - h - w + 10, -4*w = -2*h + 14. Let f(k) = k**3 - 4*k**2 + 3*k - 1. Give f(h).
-1
Let b(t) = -t**3 - 5*t**2 + 5*t - 2. Let o = -10 + 4. Calculate b(o).
4
Suppose -d - 48 = -5*c + 52, -d = -4*c + 79. Suppose 0 = -3*u - 3*o + c, 3*o = 4*u - 0*u - 35. Suppose 0*q - u = -2*q. Let a(w) = -w + 1. Give a(q).
-3
Let i(m) = -m**3 - 4*m**2 - 5*m - 3. Let l = 12 - 15. Calculate i(l).
3
Let c be ((-14)/(-35))/((-4)/10). Let b(s) = -15*s + 1. What is b(c)?
16
Let i(f) = -f**3 - 2*f**2 + f + 1. Let y be (-2)/(-6 + 2)*-4. Let o = -3 - y. What is i(o)?
-1
Let y(w) = -2*w + 6*w**2 - 28 + w**3 + 23 + w + 2*w. Calculate y(-5).
15
Let n(y) = -y**3 + 6*y**2 - 4*y - 5. Let f = 29 - 24. Suppose 2*z = -f*p + 31, p - 4*p + 4*z = -3. Calculate n(p).
0
Let l(w) = -w**2 - 7*w - 2. Let j(s) = -s**2 + 17*s + 31. Let o be j(19). Give l(o).
-2
Let a be (-1)/(-2) - (-36)/8. Let q(n) = -2 + 1 + a*n - 2*n - 4*n. Calculate q(-3).
2
Let g(l) be the second derivative of 1/20*l**5 + 4*l + 0 + 1/3*l**3 + l**2 + 0*l**4. What is g(-2)?
-10
Let t be 2/(-2*(3 - 2)). Let m(n) be the first derivative of -n - 2/3*n**3 + 2 - n**2 + 1/4*n**4. What is m(t)?
-2
Let w(d) = -5 + d + 0 + 3. Calculate w(-3).
-5
Suppose -3*t = -2*k - 4, 4*k + 5*t + 8 = 8*t. Let r(s) = 2*s**2 + s. Give r(k).
6
Let t(y) = -5*y**2 + 88 - 46 + y**3 + 4*y - 42. Give t(4).
0
Let d(x) be the first derivative of -4*x - 9 - 1/3*x**3 - 4*x**2. Determine d(-6).
8
Suppose 2*u + 0*u = -2. Let h(x) = -x**3 + 4*x**2 - 2*x - 1. Let c be h(3). Let p(j) = 4*j**2 - c - 4*j + 2 + 3*j. Give p(u).
5
Let h(d) = -d**2 - 7*d + 4. Let a(u) be the first derivative of 2*u**3/3 + 7*u**2 - 9*u - 1. Let m(x) = -4*a(x) - 9*h(x). Calculate m(-7).
0
Let m(r) be the second derivative of -1/6*r**3 - 5*r - 1/2*r**2 + 0. Give m(5).
-6
Suppose -175 = -5*q - 165. Let i(w) be the first derivative of -2*w + 3*w**2 - 1/3*w**3 + q. What is i(5)?
3
Let h(k) = 7*k - 1. Let q(r) = -r**3 - 3*r**2 + 4*r. Let x be q(-4). Suppose 0 = -x*p + p - f - 4, -3*f - 20 = 5*p. Give h(p).
-8
Let d(k) be the second derivative of -k**5/20 + k**4/12 + k**3/2 - 3*k**2/2 + 3*k. Calculate d(2).
-1
Let x(b) = -3*b**2 - 4*b - 7. Let q(l) be the third derivative of l**5/15 + l**4/6 + 4*l**3/3 - 4*l**2. Let m(w) = 4*q(w) + 5*x(w). Determine m(4).
-3
Let a(x) be the first derivative of x**4/2 + x**2/2 + x + 3. Let v(r) = r**2 - 6*r - 1. Let w be v(6). Give a(w).
-2
Let h(o) be the third derivative of o**8/20160 - o**7/840 - o**6/240 - o**5/20 - 2*o**2. Let c(d) be the third derivative of h(d). What is c(6)?
-3
Let j(k) = 3*k + 3. Let c be 1/((2 - 0)/12). Let s = c - 8. What is j(s)?
-3
Let i(z) = 5*z**2 + 2*z - 2. Let v(m) = m**2 - 1. Let r(q) = i(q) - 4*v(q). Calculate r(-2).
2
Let l(z) = z + 1. Let g(s) = -2*s**3 + 3 + 3*s**2 - 2 - 3*s + s**3. Suppose 0 = -2*d + 2*c + 4, 4*c + 0*c = 3*d - 6. Let n be g(d). Determine l(n).
0
Let l = 12 - 16. Let m(p) = -2*p + 3. Determine m(l).
11
Let h(d) = -d**2 + 6*d + 8. Let c be h(7). Let y(o) = -c + 1 - 4 + 2*o. Let g(u) = 3*u**2. Let f be g(1). What is y(f)?
2
Let a(g) be the first derivative of g**5/20 - g**4/8 + g**3/3 - g**2 + 1. Let f(j) be the second derivative of a(j). Calculate f(2).
8
Suppose 0 = 5*i - 21 + 1. Let p(b) = i + 1 + 3 + b. Let m(t) = 5*t + 40. Let w be m(-8). Determine p(w).
8
Let g(z) = 15*z - 1. Let l(u) = -u**3 - 4*u**2 - u - 3. Let h be l(-4). Calculate g(h).
14
Suppose 2*l - 2*s = 3*s - 19, 2*l + 3*s - 5 = 0. Let z(d) = -d**3 - d**2 - 2. Determine z(l).
2
Let p(a) = -a + 13. Let v(d) = 3*d + 2*d - 12*d + 6*d + 1. Let x be v(1). Give p(x).
13
Suppose 0*t = -3*t - 5*m + 13, 0 = -5*t + 5*m - 5. Let k(v) = -37*v**2 + 5*v**3 + 35*v**2 - 13*v**3 + v. Give k(t).
-9
Suppose 8 = y - 4. Suppose 2*x = -2*n + y, -n + 2*n - 4 = 0. Let t(w) = w**2 + 2*w**x - 4*w - 2*w - 4*w**2. Give t(-4).
8
Let b(n) = 1 + 2*n**2 - n**3 + n**2 - 1 - 3. Calculate b(3).
-3
Let p = 6 + 2. Let z(w) = 2 - p - 4 + 1 + 2*w. Calculate z(6).
3
Let u(f) = -2 + f + 3*f - 3*f - 2. Give u(-3).
-7
Let g(o) = o**3 + 5*o**2 - 2*o - 7. Let i = 2 + -2. Suppose 0 = -y + 3 - i. Let f be (-2)/2 + -1 - y. Calculate g(f).
3
Let x(f) = f**2 + 2*f - 5. Suppose -2*a = -25*a + 92. Determine x(a).
19
Let z(s) = 2*s**2 + s - 27. Let t(b) = b**2 - 13. Let k(q) = -13*t(q) + 6*z(q). Determine k(6).
7
Let j(w) = -31*w**2 - 2*w + 1 + 24*w**2 + 25*w**2. What is j(1)?
17
Let k be (0 - (-1)/(-2))*2. Let x(j) be the third derivative of 6*j**2 + 0*j + 1/8*j**4 + 0 + 1/6*j**3. Determine x(k).
-2
Let o(h) = -3*h**3 + 7*h**2 - 12*h - 1. Let y(v) = -v**3 + 2*v**2 - 4*v. Let p(r) = 3*o(r) - 8*y(r). Calculate p(5).
-23
Let d(i) = -9*i**2 + 6*i - 23. Let l(w) = 5*w**2 - 3*w + 12. Let b(m) = 6*d(m) + 11*l(m). Calculate b(-6).
12
Suppose 0 = 4*q + 5*c + 2, -2*c - 2 = -c. Suppose -z = 2*x - 2, q*z - 7 = -5*x - 0*z. Let k(l) = l**2 - 7*l + 3. What is k(x)?
-9
Let y be 6*6/(-9) + 7. Let f(l) = -l**3 + l**2 + 4*l + 1. Determine f(y).
-5
Let g(t) = t**2 + 1. Let z(x) = x - 12. Let b be z(14). Let c be g(b). Suppose c*i + 0*i + 15 = 0. Let s(h) = h**2 + 3*h + 4. Determine s(i).
4
Let m(p) = 3*p - 1. Suppose 0 = 3*z - 14 - 4. Suppose -z*c = -3*c + 3. Determine m(c).
-4
Let w(m) = -3*m**2 - 10*m + 0 - m**3 - 5*m**2 + 4*m - 1. Give w(-7).
-8
Let s(a) = -10*a - 3. Let b(g) = -5*g - 1. Let n(w) = -5*b(w) + 2*s(w). Give n(-1).
-6
Let f(t) = 16*t - 9. Let y(z) = -8*z + 5. Let v(d) = -6*f(d) - 11*y(d). Let b = 1 - 2. What is v(b)?
7
Let p(b) be the third derivative of 0 + 0*b + 0*b**3 + 1/12*b**4 + b**2. Suppose -3 = 2*o + m, -o = -5*o - m - 7. Give p(o).
-4
Let j(i) = -i + 1. Suppose 4*y = 3*r + 11, 4*y = 6*y + 3*r - 1. Suppose d + 2*d + 24 = -3*p, 0 = -5*p + y*d - 12. Calculate j(p).
5
Let s(d) = d + 4. Let n be 18/12*(-8)/(-3). Determine s(n).
8
Let d = 1 - 4. Let t(v) = 6*v + v - 5*v - 4*v + 1. Determine t(d).
7
Let d(p) = 3*p**3 - p**2 + 3*p**2 - 3*p**2. Let w be d(-1). Let s(t) = t**3 + 5*t**2 + 6*t + 3. Calculate s(w).
-5
Let k(r) = -2*r - 22. Let p be k(-13). Suppose -o = -p + 7. Let c(b) = 13*b + 33. Let x(j) = -3*j - 8. Let z(m) = 2*c(m) + 9*x(m). What is z(o)?
-3
Suppose -5*j + 2*i - 5*i = 0, i = j - 8. Let q(z) = z**2 + z - 3. Determine q(j).
9
Let s(u) be the first derivative of 5 + 0*u**2 - u**3 + 1/4*u**4 + 2*u. What is s(3)?
2
Suppose -3*a - 4*m + 27 = 0, -45 = -5*a - 7*m + 3*m. Let h(w) = -w + 7. Determine h(a).
-2
Let b be 13/3 - 2/6. Suppose 0 = -k + 3*f + 18, b*f + 10 = -6. Let i(z) = 3*z - 9. What is i(k)?
9
Let u(i) = -i + 8. Let c be u(7). Let n(m) = 2 - 4 + c - 2*m - 2*m. Calculate n(1).
-5
Let m(u) = -3*u + 2. Let b(h) = -7*h + 5. Let a(x) = -2*b(x) + 5*m(x). Let z be a(-5). Let j(r) = r**2 - 5*r - 5. What is j(z)?
-5
Suppose -2*m + 3*m = 2. Let v(a) = -5*a + m*a**2 + 1 + 0*a + 3*a - 4*a. Calculate v(4).
9
Let j(n) = -2*n + 2. Suppose 2*a + 4 = 2*d - d, 5*d = 2*a + 12. Let f = -3 + 4. Let x = f - a. Calculate j(x).
-2
Let x(h) = -5*h**2 - 5 - 2*h - 29*h**3 + 30*h**3 + 0*h**2. Give x(6).
19
Suppose 5*v = t - 9, -4*t + 4*v + 1 = -3. Let y(d) = -d - 1. Let w(m) = 3. Let q(b) = t*w(b) - 3*y(b). Let i be (-21)/(-12) + 1/4. Determine q(i).
6
Let y(b) = b - 1. Let s(a) = 7*a - 12. Suppose 0 = 2*u - 8 - 2. Let j = u - 11. Let h(m) = j*y(m) + s(m). Calculate h(5).
-1
Let o(k) be the first derivative of -k**6/360 + k**4/12 + 2*k**3/3 - 5. Let y(w) be the third derivative of o(w). Give y(-2).
-2
Let v(g) = -2*g**2 + 4*g + 1. Let d = -48 - -33. Let n be 0*(d/(-6) + -2). Suppose -2*r + 4*a + 9 + 13 = n, -3*a = -r + 15. Determine v(r).
-5
Let q(j) = 5*j + 3. Let n(d) = 3*d + 2. Let z(g) = -8*n(g) + 5*q(g). Let b = 19 + -14. Determine z